{"id":7973,"date":"2018-09-10T19:51:21","date_gmt":"2018-09-10T19:51:21","guid":{"rendered":"https:\/\/numeraanalytics.com\/?page_id=7973"},"modified":"2024-09-13T11:23:47","modified_gmt":"2024-09-13T15:23:47","slug":"mathieu-wener","status":"publish","type":"page","link":"https:\/\/numeraanalytics.com\/fr\/mathieu-wener\/","title":{"rendered":"Mathieu Wener"},"content":{"rendered":"[vc_row type=\u00a0\u00bbfull_width_background\u00a0\u00bb full_screen_row_position=\u00a0\u00bbmiddle\u00a0\u00bb bg_color=\u00a0\u00bb#f2f2f2&Prime; scene_position=\u00a0\u00bbcenter\u00a0\u00bb text_color=\u00a0\u00bbdark\u00a0\u00bb text_align=\u00a0\u00bbleft\u00a0\u00bb overlay_strength=\u00a0\u00bb0.3&Prime;][vc_column enable_animation=\u00a0\u00bbtrue\u00a0\u00bb animation=\u00a0\u00bbfade-in-from-bottom\u00a0\u00bb column_padding=\u00a0\u00bbno-extra-padding\u00a0\u00bb column_padding_position=\u00a0\u00bball\u00a0\u00bb background_color_opacity=\u00a0\u00bb1&Prime; background_hover_color_opacity=\u00a0\u00bb1&Prime; column_shadow=\u00a0\u00bbnone\u00a0\u00bb width=\u00a0\u00bb1\/2&Prime; tablet_text_alignment=\u00a0\u00bbdefault\u00a0\u00bb phone_text_alignment=\u00a0\u00bbdefault\u00a0\u00bb column_border_width=\u00a0\u00bbnone\u00a0\u00bb column_border_style=\u00a0\u00bbsolid\u00a0\u00bb delay=\u00a0\u00bb500&Prime;]<div class=\"divider-wrap\"><div style=\"height: 100px;\" class=\"divider\"><\/div><\/div>[vc_column_text]\n<h3>Mathieu Wener<\/h3>\n<h4 class=\"title\">\u00c9CONOMISTE PRINCIPAL<\/h4>\n<div class=\"title\"><\/div>\n<div class=\"team-desc\">\n<p>Mathieu Wener est \u00e9conomiste principal pour le Service de recherche macro de Numera. Il est charg\u00e9 de suivre l\u2019\u00e9volution de l\u2019\u00e9conomie mondiale et des march\u00e9s financiers. Mathieu contribue activement aux diverses publications de recherche \u00e9conomique de Numera, dont les rapports pr\u00e9visionnels mensuels et les projets th\u00e9matiques. Il se concentre sur la conjoncture \u00e9conomique des pays industrialis\u00e9s et \u00e9mergents.<\/p>\n<p>Par ailleurs, Mathieu suit de pr\u00e8s les industries manufacturi\u00e8res et des produits de consommation \u00e0 l\u2019\u00e9chelle mondiale, en appui \u00e0 l\u2019analyse sectorielle de Numera. Il s\u2019est joint \u00e0 l\u2019\u00e9quipe apr\u00e8s avoir compl\u00e9t\u00e9 une ma\u00eetrise en \u00e9conomie \u00e0 l\u2019Universit\u00e9 de Toronto.<\/p>\n<\/div>\n<div class=\"team-desc\"><\/div>\n<div class=\"team-desc\"><\/div>\n[\/vc_column_text][nectar_btn size=\u00a0\u00bbmedium\u00a0\u00bb button_style=\u00a0\u00bbregular\u00a0\u00bb button_color_2=\u00a0\u00bbAccent-Color\u00a0\u00bb icon_family=\u00a0\u00bbdefault_arrow\u00a0\u00bb url=\u00a0\u00bb\/fr\/a-propos#equipe\u00a0\u00bb text=\u00a0\u00bbNotre \u00e9quipe\u00a0\u00bb][\/vc_column][vc_column column_padding=\u00a0\u00bbno-extra-padding\u00a0\u00bb column_padding_position=\u00a0\u00bball\u00a0\u00bb background_color_opacity=\u00a0\u00bb1&Prime; background_hover_color_opacity=\u00a0\u00bb1&Prime; column_shadow=\u00a0\u00bbnone\u00a0\u00bb width=\u00a0\u00bb1\/2&Prime; tablet_text_alignment=\u00a0\u00bbdefault\u00a0\u00bb phone_text_alignment=\u00a0\u00bbdefault\u00a0\u00bb column_border_width=\u00a0\u00bbnone\u00a0\u00bb column_border_style=\u00a0\u00bbsolid\u00a0\u00bb]<div class=\"img-with-aniamtion-wrap right\" data-max-width=\"100%\"><div class=\"inner\"><img loading=\"lazy\" decoding=\"async\" data-shadow=\"none\" data-shadow-direction=\"middle\" class=\"img-with-animation \" data-delay=\"0\" height=\"600\" width=\"600\" data-animation=\"fade-in-from-right\" src=\"https:\/\/numeraanalytics.com\/wp-content\/uploads\/2018\/09\/PP_0168_Med.jpg\" srcset=\"https:\/\/numeraanalytics.com\/wp-content\/uploads\/2018\/09\/PP_0168_Med.jpg 600w, https:\/\/numeraanalytics.com\/wp-content\/uploads\/2018\/09\/PP_0168_Med-150x150.jpg 150w, https:\/\/numeraanalytics.com\/wp-content\/uploads\/2018\/09\/PP_0168_Med-300x300.jpg 300w, https:\/\/numeraanalytics.com\/wp-content\/uploads\/2018\/09\/PP_0168_Med-100x100.jpg 100w, https:\/\/numeraanalytics.com\/wp-content\/uploads\/2018\/09\/PP_0168_Med-500x500.jpg 500w, https:\/\/numeraanalytics.com\/wp-content\/uploads\/2018\/09\/PP_0168_Med-350x350.jpg 350w\" sizes=\"100vw\" alt=\"\" \/><\/div><\/div>[\/vc_column][\/vc_row][vc_row type=\u00a0\u00bbfull_width_background\u00a0\u00bb full_screen_row_position=\u00a0\u00bbmiddle\u00a0\u00bb scene_position=\u00a0\u00bbcenter\u00a0\u00bb text_color=\u00a0\u00bbdark\u00a0\u00bb text_align=\u00a0\u00bbleft\u00a0\u00bb top_padding=\u00a0\u00bb55&Prime; bottom_padding=\u00a0\u00bb50&Prime; overlay_strength=\u00a0\u00bb0.3&Prime;][vc_column enable_animation=\u00a0\u00bbtrue\u00a0\u00bb animation=\u00a0\u00bbfade-in\u00a0\u00bb column_padding=\u00a0\u00bbno-extra-padding\u00a0\u00bb column_padding_position=\u00a0\u00bball\u00a0\u00bb background_color_opacity=\u00a0\u00bb1&Prime; background_hover_color_opacity=\u00a0\u00bb1&Prime; column_shadow=\u00a0\u00bbnone\u00a0\u00bb width=\u00a0\u00bb1\/4&Prime; tablet_text_alignment=\u00a0\u00bbdefault\u00a0\u00bb phone_text_alignment=\u00a0\u00bbdefault\u00a0\u00bb column_border_width=\u00a0\u00bbnone\u00a0\u00bb column_border_style=\u00a0\u00bbsolid\u00a0\u00bb delay=\u00a0\u00bb1050&Prime;][vc_column_text]\n<h3><i class=\"icon-default-style fa fa-bar-chart extra-color-1\"><\/i>\u00a0<a href=\"\/fr\/analyse-de-marche\/\">Analyse de march\u00e9<\/a><\/h3>\n[\/vc_column_text][\/vc_column][vc_column enable_animation=\u00a0\u00bbtrue\u00a0\u00bb animation=\u00a0\u00bbfade-in\u00a0\u00bb column_padding=\u00a0\u00bbno-extra-padding\u00a0\u00bb column_padding_position=\u00a0\u00bball\u00a0\u00bb background_color_opacity=\u00a0\u00bb1&Prime; background_hover_color_opacity=\u00a0\u00bb1&Prime; column_shadow=\u00a0\u00bbnone\u00a0\u00bb width=\u00a0\u00bb1\/4&Prime; tablet_text_alignment=\u00a0\u00bbdefault\u00a0\u00bb phone_text_alignment=\u00a0\u00bbdefault\u00a0\u00bb column_border_width=\u00a0\u00bbnone\u00a0\u00bb column_border_style=\u00a0\u00bbsolid\u00a0\u00bb delay=\u00a0\u00bb1100&Prime;][vc_column_text]\n<h3><i class=\"icon-default-style fa fa-line-chart extra-color-1\"><\/i>\u00a0<a href=\"https:\/\/numeraanalytics.com\/fr\/macroeconomie\/\">Macro\u00e9conomie<\/a><\/h3>\n[\/vc_column_text][\/vc_column][vc_column enable_animation=\u00a0\u00bbtrue\u00a0\u00bb animation=\u00a0\u00bbfade-in\u00a0\u00bb column_padding=\u00a0\u00bbno-extra-padding\u00a0\u00bb column_padding_position=\u00a0\u00bball\u00a0\u00bb background_color_opacity=\u00a0\u00bb1&Prime; background_hover_color_opacity=\u00a0\u00bb1&Prime; column_shadow=\u00a0\u00bbnone\u00a0\u00bb width=\u00a0\u00bb1\/4&Prime; tablet_text_alignment=\u00a0\u00bbdefault\u00a0\u00bb phone_text_alignment=\u00a0\u00bbdefault\u00a0\u00bb column_border_width=\u00a0\u00bbnone\u00a0\u00bb column_border_style=\u00a0\u00bbsolid\u00a0\u00bb delay=\u00a0\u00bb1150&Prime;][vc_column_text]\n<h3><i class=\"icon-default-style fa fa-search-plus extra-color-1\"><\/i>\u00a0<a href=\"https:\/\/numeraanalytics.com\/fr\/recherche-personnalisee\/\">Recherche personalis\u00e9e<\/a><\/h3>\n[\/vc_column_text][\/vc_column][vc_column enable_animation=\u00a0\u00bbtrue\u00a0\u00bb animation=\u00a0\u00bbfade-in\u00a0\u00bb column_padding=\u00a0\u00bbno-extra-padding\u00a0\u00bb column_padding_position=\u00a0\u00bball\u00a0\u00bb background_color_opacity=\u00a0\u00bb1&Prime; background_hover_color_opacity=\u00a0\u00bb1&Prime; column_shadow=\u00a0\u00bbnone\u00a0\u00bb width=\u00a0\u00bb1\/4&Prime; tablet_text_alignment=\u00a0\u00bbdefault\u00a0\u00bb phone_text_alignment=\u00a0\u00bbdefault\u00a0\u00bb column_border_width=\u00a0\u00bbnone\u00a0\u00bb column_border_style=\u00a0\u00bbsolid\u00a0\u00bb delay=\u00a0\u00bb1200&Prime;][vc_column_text]\n<h3><i class=\"icon-default-style fa fa-lightbulb-o extra-color-1\"><\/i>\u00a0<a href=\"https:\/\/numeraanalytics.com\/fr\/equipe-quantitative\/\">\u00c9quipe Quantitative<\/a><\/h3>\n[\/vc_column_text][\/vc_column][\/vc_row]\n","protected":false},"excerpt":{"rendered":"<p>[vc_row type=\u00a0\u00bbfull_width_background\u00a0\u00bb full_screen_row_position=\u00a0\u00bbmiddle\u00a0\u00bb bg_color=\u00a0\u00bb#f2f2f2&Prime; scene_position=\u00a0\u00bbcenter\u00a0\u00bb text_color=\u00a0\u00bbdark\u00a0\u00bb text_align=\u00a0\u00bbleft\u00a0\u00bb overlay_strength=\u00a0\u00bb0.3&Prime;][vc_column enable_animation=\u00a0\u00bbtrue\u00a0\u00bb animation=\u00a0\u00bbfade-in-from-bottom\u00a0\u00bb column_padding=\u00a0\u00bbno-extra-padding\u00a0\u00bb column_padding_position=\u00a0\u00bball\u00a0\u00bb background_color_opacity=\u00a0\u00bb1&Prime; background_hover_color_opacity=\u00a0\u00bb1&Prime; column_shadow=\u00a0\u00bbnone\u00a0\u00bb width=\u00a0\u00bb1\/2&Prime; tablet_text_alignment=\u00a0\u00bbdefault\u00a0\u00bb phone_text_alignment=\u00a0\u00bbdefault\u00a0\u00bb column_border_width=\u00a0\u00bbnone\u00a0\u00bb column_border_style=\u00a0\u00bbsolid\u00a0\u00bb delay=\u00a0\u00bb500&Prime;][vc_column_text] Mathieu Wener \u00c9CONOMISTE PRINCIPAL Mathieu Wener est \u00e9conomiste principal pour le Service de recherche macro de Numera. Il est charg\u00e9 de suivre l\u2019\u00e9volution de l\u2019\u00e9conomie mondiale et des march\u00e9s financiers. Mathieu contribue activement aux diverses publications de recherche \u00e9conomique de Numera, dont les rapports pr\u00e9visionnels mensuels et les projets th\u00e9matiques. Il se concentre sur la conjoncture \u00e9conomique des pays&#8230;<\/p>\n","protected":false},"author":1,"featured_media":0,"parent":0,"menu_order":0,"comment_status":"closed","ping_status":"closed","template":"","meta":{"footnotes":""},"_links":{"self":[{"href":"https:\/\/numeraanalytics.com\/fr\/wp-json\/wp\/v2\/pages\/7973"}],"collection":[{"href":"https:\/\/numeraanalytics.com\/fr\/wp-json\/wp\/v2\/pages"}],"about":[{"href":"https:\/\/numeraanalytics.com\/fr\/wp-json\/wp\/v2\/types\/page"}],"author":[{"embeddable":true,"href":"https:\/\/numeraanalytics.com\/fr\/wp-json\/wp\/v2\/users\/1"}],"replies":[{"embeddable":true,"href":"https:\/\/numeraanalytics.com\/fr\/wp-json\/wp\/v2\/comments?post=7973"}],"version-history":[{"count":9,"href":"https:\/\/numeraanalytics.com\/fr\/wp-json\/wp\/v2\/pages\/7973\/revisions"}],"predecessor-version":[{"id":20656,"href":"https:\/\/numeraanalytics.com\/fr\/wp-json\/wp\/v2\/pages\/7973\/revisions\/20656"}],"wp:attachment":[{"href":"https:\/\/numeraanalytics.com\/fr\/wp-json\/wp\/v2\/media?parent=7973"}],"curies":[{"name":"wp","href":"https:\/\/api.w.org\/{rel}","templated":true}]}}

[vc_row type= »full_width_background » full_screen_row_position= »middle » bg_color= »#f2f2f2&Prime; scene_position= »center » text_color= »dark » text_align= »left » overlay_strength= »0.3&Prime;][vc_column enable_animation= »true » animation= »fade-in-from-bottom » column_padding= »no-extra-padding » column_padding_position= »all » background_color_opacity= »1&Prime; background_hover_color_opacity= »1&Prime; column_shadow= »none » width= »1/2&Prime; tablet_text_alignment= »default » phone_text_alignment= »default » column_border_width= »none » column_border_style= »solid » delay= »500&Prime;]<div class="divider-wrap"><div style="height: 100px;" class="divider"></div></div>[vc_column_text]
<h3>Mathieu Wener</h3>
<h4 class="title">ÉCONOMISTE PRINCIPAL</h4>
<div class="title"></div>
<div class="team-desc">
<p>Mathieu Wener est économiste principal pour le Service de recherche macro de Numera. Il est chargé de suivre l’évolution de l’économie mondiale et des marchés financiers. Mathieu contribue activement aux diverses publications de recherche économique de Numera, dont les rapports prévisionnels mensuels et les projets thématiques. Il se concentre sur la conjoncture économique des pays industrialisés et émergents.</p>
<p>Par ailleurs, Mathieu suit de près les industries manufacturières et des produits de consommation à l’échelle mondiale, en appui à l’analyse sectorielle de Numera. Il s’est joint à l’équipe après avoir complété une maîtrise en économie à l’Université de Toronto.</p>
</div>
<div class="team-desc"></div>
<div class="team-desc"></div>
[/vc_column_text][nectar_btn size= »medium » button_style= »regular » button_color_2= »Accent-Color » icon_family= »default_arrow » url= »/fr/a-propos#equipe » text= »Notre équipe »][/vc_column][vc_column column_padding= »no-extra-padding » column_padding_position= »all » background_color_opacity= »1&Prime; background_hover_color_opacity= »1&Prime; column_shadow= »none » width= »1/2&Prime; tablet_text_alignment= »default » phone_text_alignment= »default » column_border_width= »none » column_border_style= »solid »]<div class="img-with-aniamtion-wrap right" data-max-width="100%"><div class="inner"><img loading="lazy" decoding="async" data-shadow="none" data-shadow-direction="middle" class="img-with-animation " data-delay="0" height="600" width="600" data-animation="fade-in-from-right" src="https://numeraanalytics.com/wp-content/uploads/2018/09/PP_0168_Med.jpg" srcset="https://numeraanalytics.com/wp-content/uploads/2018/09/PP_0168_Med.jpg 600w, https://numeraanalytics.com/wp-content/uploads/2018/09/PP_0168_Med-150x150.jpg 150w, https://numeraanalytics.com/wp-content/uploads/2018/09/PP_0168_Med-300x300.jpg 300w, https://numeraanalytics.com/wp-content/uploads/2018/09/PP_0168_Med-100x100.jpg 100w, https://numeraanalytics.com/wp-content/uploads/2018/09/PP_0168_Med-500x500.jpg 500w, https://numeraanalytics.com/wp-content/uploads/2018/09/PP_0168_Med-350x350.jpg 350w" sizes="100vw" alt="" /></div></div>[/vc_column][/vc_row][vc_row type= »full_width_background » full_screen_row_position= »middle » scene_position= »center » text_color= »dark » text_align= »left » top_padding= »55&Prime; bottom_padding= »50&Prime; overlay_strength= »0.3&Prime;][vc_column enable_animation= »true » animation= »fade-in » column_padding= »no-extra-padding » column_padding_position= »all » background_color_opacity= »1&Prime; background_hover_color_opacity= »1&Prime; column_shadow= »none » width= »1/4&Prime; tablet_text_alignment= »default » phone_text_alignment= »default » column_border_width= »none » column_border_style= »solid » delay= »1050&Prime;][vc_column_text]
<h3><i class="icon-default-style fa fa-bar-chart extra-color-1"></i> <a href="/fr/analyse-de-marche/">Analyse de marché</a></h3>
[/vc_column_text][/vc_column][vc_column enable_animation= »true » animation= »fade-in » column_padding= »no-extra-padding » column_padding_position= »all » background_color_opacity= »1&Prime; background_hover_color_opacity= »1&Prime; column_shadow= »none » width= »1/4&Prime; tablet_text_alignment= »default » phone_text_alignment= »default » column_border_width= »none » column_border_style= »solid » delay= »1100&Prime;][vc_column_text]
<h3><i class="icon-default-style fa fa-line-chart extra-color-1"></i> <a href="https://numeraanalytics.com/fr/macroeconomie/">Macroéconomie</a></h3>
[/vc_column_text][/vc_column][vc_column enable_animation= »true » animation= »fade-in » column_padding= »no-extra-padding » column_padding_position= »all » background_color_opacity= »1&Prime; background_hover_color_opacity= »1&Prime; column_shadow= »none » width= »1/4&Prime; tablet_text_alignment= »default » phone_text_alignment= »default » column_border_width= »none » column_border_style= »solid » delay= »1150&Prime;][vc_column_text]
<h3><i class="icon-default-style fa fa-search-plus extra-color-1"></i> <a href="https://numeraanalytics.com/fr/recherche-personnalisee/">Recherche personalisée</a></h3>
[/vc_column_text][/vc_column][vc_column enable_animation= »true » animation= »fade-in » column_padding= »no-extra-padding » column_padding_position= »all » background_color_opacity= »1&Prime; background_hover_color_opacity= »1&Prime; column_shadow= »none » width= »1/4&Prime; tablet_text_alignment= »default » phone_text_alignment= »default » column_border_width= »none » column_border_style= »solid » delay= »1200&Prime;][vc_column_text]
<h3><i class="icon-default-style fa fa-lightbulb-o extra-color-1"></i> <a href="https://numeraanalytics.com/fr/equipe-quantitative/">Équipe Quantitative</a></h3>
[/vc_column_text][/vc_column][/vc_row]

<p>[vc_row type= »full_width_background » full_screen_row_position= »middle » bg_color= »#f2f2f2&Prime; scene_position= »center » text_color= »dark » text_align= »left » overlay_strength= »0.3&Prime;][vc_column enable_animation= »true » animation= »fade-in-from-bottom » column_padding= »no-extra-padding » column_padding_position= »all » background_color_opacity= »1&Prime; background_hover_color_opacity= »1&Prime; column_shadow= »none » width= »1/2&Prime; tablet_text_alignment= »default » phone_text_alignment= »default » column_border_width= »none » column_border_style= »solid » delay= »500&Prime;][vc_column_text] Mathieu Wener ÉCONOMISTE PRINCIPAL Mathieu Wener est économiste principal pour le Service de recherche macro de Numera. Il est chargé de suivre l’évolution de l’économie mondiale et des marchés financiers. Mathieu contribue activement aux diverses publications de recherche économique de Numera, dont les rapports prévisionnels mensuels et les projets thématiques. Il se concentre sur la conjoncture économique des pays&#8230;</p>
