{"id":7559,"date":"2017-11-03T18:18:43","date_gmt":"2017-11-03T18:18:43","guid":{"rendered":"https:\/\/numeraanalytics.com\/martine-hamel\/"},"modified":"2017-12-22T15:49:10","modified_gmt":"2017-12-22T15:49:10","slug":"martine-hamel","status":"publish","type":"page","link":"https:\/\/numeraanalytics.com\/fr\/martine-hamel\/","title":{"rendered":"Martine Hamel"},"content":{"rendered":"[vc_row type=\u00a0\u00bbfull_width_background\u00a0\u00bb full_screen_row_position=\u00a0\u00bbmiddle\u00a0\u00bb bg_color=\u00a0\u00bb#f2f2f2&Prime; scene_position=\u00a0\u00bbcenter\u00a0\u00bb text_color=\u00a0\u00bbdark\u00a0\u00bb text_align=\u00a0\u00bbleft\u00a0\u00bb overlay_strength=\u00a0\u00bb0.3&Prime;][vc_column column_padding=\u00a0\u00bbno-extra-padding\u00a0\u00bb column_padding_position=\u00a0\u00bball\u00a0\u00bb background_color_opacity=\u00a0\u00bb1&Prime; background_hover_color_opacity=\u00a0\u00bb1&Prime; column_shadow=\u00a0\u00bbnone\u00a0\u00bb width=\u00a0\u00bb1\/2&Prime; tablet_text_alignment=\u00a0\u00bbdefault\u00a0\u00bb phone_text_alignment=\u00a0\u00bbdefault\u00a0\u00bb column_border_width=\u00a0\u00bbnone\u00a0\u00bb column_border_style=\u00a0\u00bbsolid\u00a0\u00bb]<div class=\"divider-wrap\"><div style=\"height: 100px;\" class=\"divider\"><\/div><\/div>[vc_column_text]\n<h3>Martine Hamel<\/h3>\n<h4 class=\"title\">VICE-PR\u00c9SIDENTE<\/h4>\n<div class=\"title\"><\/div>\n<div class=\"team-desc\">Martine est vice-pr\u00e9sidente et chef de l&rsquo;exploitation chez Numera. Elle participe \u00e0 plusieurs aspects des activit\u00e9s de l\u2019organisation, du d\u00e9veloppement de produits \u00e0 l\u2019int\u00e9grit\u00e9 des donn\u00e9es, en passant par l\u2019analyse de march\u00e9, les ressources humaines et les finances. Martine est d\u00e9tentrice d\u2019une ma\u00eetrise en \u00e9conomie et gestion internationale de HEC Montr\u00e9al.<\/div>\n<div class=\"team-desc\"><\/div>\n<div class=\"team-desc\"><\/div>\n[\/vc_column_text][nectar_btn size=\u00a0\u00bbmedium\u00a0\u00bb button_style=\u00a0\u00bbregular\u00a0\u00bb button_color_2=\u00a0\u00bbAccent-Color\u00a0\u00bb icon_family=\u00a0\u00bbdefault_arrow\u00a0\u00bb url=\u00a0\u00bb\/fr\/a-propos#equipe\u00a0\u00bb text=\u00a0\u00bbNotre \u00c9quipe\u00a0\u00bb][\/vc_column][vc_column column_padding=\u00a0\u00bbno-extra-padding\u00a0\u00bb column_padding_position=\u00a0\u00bball\u00a0\u00bb background_color_opacity=\u00a0\u00bb1&Prime; background_hover_color_opacity=\u00a0\u00bb1&Prime; column_shadow=\u00a0\u00bbnone\u00a0\u00bb width=\u00a0\u00bb1\/2&Prime; tablet_text_alignment=\u00a0\u00bbdefault\u00a0\u00bb phone_text_alignment=\u00a0\u00bbdefault\u00a0\u00bb column_border_width=\u00a0\u00bbnone\u00a0\u00bb column_border_style=\u00a0\u00bbsolid\u00a0\u00bb]<div class=\"img-with-aniamtion-wrap right\" data-max-width=\"100%\"><div class=\"inner\"><img loading=\"lazy\" decoding=\"async\" data-shadow=\"none\" data-shadow-direction=\"middle\" class=\"img-with-animation \" data-delay=\"0\" height=\"600\" width=\"600\" data-animation=\"fade-in\" src=\"https:\/\/numeraanalytics.com\/wp-content\/uploads\/2017\/02\/pppc_0120.jpg\" srcset=\"https:\/\/numeraanalytics.com\/wp-content\/uploads\/2017\/02\/pppc_0120.jpg 600w, https:\/\/numeraanalytics.com\/wp-content\/uploads\/2017\/02\/pppc_0120-150x150.jpg 150w, https:\/\/numeraanalytics.com\/wp-content\/uploads\/2017\/02\/pppc_0120-300x300.jpg 300w, https:\/\/numeraanalytics.com\/wp-content\/uploads\/2017\/02\/pppc_0120-100x100.jpg 100w, https:\/\/numeraanalytics.com\/wp-content\/uploads\/2017\/02\/pppc_0120-500x500.jpg 500w, https:\/\/numeraanalytics.com\/wp-content\/uploads\/2017\/02\/pppc_0120-350x350.jpg 350w\" sizes=\"100vw\" alt=\"\" \/><\/div><\/div>[\/vc_column][\/vc_row][vc_row type=\u00a0\u00bbfull_width_background\u00a0\u00bb full_screen_row_position=\u00a0\u00bbmiddle\u00a0\u00bb scene_position=\u00a0\u00bbcenter\u00a0\u00bb text_color=\u00a0\u00bbdark\u00a0\u00bb text_align=\u00a0\u00bbleft\u00a0\u00bb top_padding=\u00a0\u00bb55&Prime; bottom_padding=\u00a0\u00bb50&Prime; overlay_strength=\u00a0\u00bb0.3&Prime;][vc_column column_padding=\u00a0\u00bbno-extra-padding\u00a0\u00bb column_padding_position=\u00a0\u00bball\u00a0\u00bb background_color_opacity=\u00a0\u00bb1&Prime; background_hover_color_opacity=\u00a0\u00bb1&Prime; column_shadow=\u00a0\u00bbnone\u00a0\u00bb width=\u00a0\u00bb1\/4&Prime; tablet_text_alignment=\u00a0\u00bbdefault\u00a0\u00bb phone_text_alignment=\u00a0\u00bbdefault\u00a0\u00bb column_border_width=\u00a0\u00bbnone\u00a0\u00bb column_border_style=\u00a0\u00bbsolid\u00a0\u00bb][vc_column_text]\n<h3><i class=\"icon-default-style fa fa-bar-chart extra-color-1\"><\/i>\u00a0<a href=\"\/fr\/analyse-de-marche\/\">Analyse de march\u00e9<\/a><\/h3>\n[\/vc_column_text][\/vc_column][vc_column column_padding=\u00a0\u00bbno-extra-padding\u00a0\u00bb column_padding_position=\u00a0\u00bball\u00a0\u00bb background_color_opacity=\u00a0\u00bb1&Prime; background_hover_color_opacity=\u00a0\u00bb1&Prime; column_shadow=\u00a0\u00bbnone\u00a0\u00bb width=\u00a0\u00bb1\/4&Prime; tablet_text_alignment=\u00a0\u00bbdefault\u00a0\u00bb phone_text_alignment=\u00a0\u00bbdefault\u00a0\u00bb column_border_width=\u00a0\u00bbnone\u00a0\u00bb column_border_style=\u00a0\u00bbsolid\u00a0\u00bb][vc_column_text]\n<h3><i class=\"icon-default-style fa fa-line-chart extra-color-1\"><\/i>\u00a0<a href=\"\/fr\/macroeconomie\/\">Macro\u00e9conomie<\/a><\/h3>\n[\/vc_column_text][\/vc_column][vc_column column_padding=\u00a0\u00bbno-extra-padding\u00a0\u00bb column_padding_position=\u00a0\u00bball\u00a0\u00bb background_color_opacity=\u00a0\u00bb1&Prime; background_hover_color_opacity=\u00a0\u00bb1&Prime; column_shadow=\u00a0\u00bbnone\u00a0\u00bb width=\u00a0\u00bb1\/4&Prime; tablet_text_alignment=\u00a0\u00bbdefault\u00a0\u00bb phone_text_alignment=\u00a0\u00bbdefault\u00a0\u00bb column_border_width=\u00a0\u00bbnone\u00a0\u00bb column_border_style=\u00a0\u00bbsolid\u00a0\u00bb][vc_column_text]\n<h3><i class=\"icon-default-style fa fa-search-plus extra-color-1\"><\/i>\u00a0<a href=\"\/fr\/recherche-personnalisee\/\">Recherche personalis\u00e9e<\/a><\/h3>\n[\/vc_column_text][\/vc_column][vc_column column_padding=\u00a0\u00bbno-extra-padding\u00a0\u00bb column_padding_position=\u00a0\u00bball\u00a0\u00bb background_color_opacity=\u00a0\u00bb1&Prime; background_hover_color_opacity=\u00a0\u00bb1&Prime; column_shadow=\u00a0\u00bbnone\u00a0\u00bb width=\u00a0\u00bb1\/4&Prime; tablet_text_alignment=\u00a0\u00bbdefault\u00a0\u00bb phone_text_alignment=\u00a0\u00bbdefault\u00a0\u00bb column_border_width=\u00a0\u00bbnone\u00a0\u00bb column_border_style=\u00a0\u00bbsolid\u00a0\u00bb][vc_column_text]\n<h3><i class=\"icon-default-style fa fa-lightbulb-o extra-color-1\"><\/i>\u00a0<a href=\"\/fr\/equipe-quantitative\/\">\u00c9quipe Quantitative<\/a><\/h3>\n[\/vc_column_text][\/vc_column][\/vc_row]\n","protected":false},"excerpt":{"rendered":"<p>[vc_row type=\u00a0\u00bbfull_width_background\u00a0\u00bb full_screen_row_position=\u00a0\u00bbmiddle\u00a0\u00bb bg_color=\u00a0\u00bb#f2f2f2&Prime; scene_position=\u00a0\u00bbcenter\u00a0\u00bb text_color=\u00a0\u00bbdark\u00a0\u00bb text_align=\u00a0\u00bbleft\u00a0\u00bb overlay_strength=\u00a0\u00bb0.3&Prime;][vc_column column_padding=\u00a0\u00bbno-extra-padding\u00a0\u00bb column_padding_position=\u00a0\u00bball\u00a0\u00bb background_color_opacity=\u00a0\u00bb1&Prime; background_hover_color_opacity=\u00a0\u00bb1&Prime; column_shadow=\u00a0\u00bbnone\u00a0\u00bb width=\u00a0\u00bb1\/2&Prime; tablet_text_alignment=\u00a0\u00bbdefault\u00a0\u00bb phone_text_alignment=\u00a0\u00bbdefault\u00a0\u00bb column_border_width=\u00a0\u00bbnone\u00a0\u00bb column_border_style=\u00a0\u00bbsolid\u00a0\u00bb][vc_column_text] Martine Hamel VICE-PR\u00c9SIDENTE Martine est vice-pr\u00e9sidente et chef de l&rsquo;exploitation chez Numera. Elle participe \u00e0 plusieurs aspects des activit\u00e9s de l\u2019organisation, du d\u00e9veloppement de produits \u00e0 l\u2019int\u00e9grit\u00e9 des donn\u00e9es, en passant par l\u2019analyse de march\u00e9, les ressources humaines et les finances. Martine est d\u00e9tentrice d\u2019une ma\u00eetrise en \u00e9conomie et gestion internationale de HEC Montr\u00e9al. [\/vc_column_text][nectar_btn size=\u00a0\u00bbmedium\u00a0\u00bb button_style=\u00a0\u00bbregular\u00a0\u00bb button_color_2=\u00a0\u00bbAccent-Color\u00a0\u00bb icon_family=\u00a0\u00bbdefault_arrow\u00a0\u00bb url=\u00a0\u00bb\/fr\/a-propos#equipe\u00a0\u00bb text=\u00a0\u00bbNotre \u00c9quipe\u00a0\u00bb][\/vc_column][vc_column&#8230;<\/p>\n","protected":false},"author":5,"featured_media":0,"parent":0,"menu_order":0,"comment_status":"closed","ping_status":"closed","template":"","meta":{"footnotes":""},"_links":{"self":[{"href":"https:\/\/numeraanalytics.com\/fr\/wp-json\/wp\/v2\/pages\/7559"}],"collection":[{"href":"https:\/\/numeraanalytics.com\/fr\/wp-json\/wp\/v2\/pages"}],"about":[{"href":"https:\/\/numeraanalytics.com\/fr\/wp-json\/wp\/v2\/types\/page"}],"author":[{"embeddable":true,"href":"https:\/\/numeraanalytics.com\/fr\/wp-json\/wp\/v2\/users\/5"}],"replies":[{"embeddable":true,"href":"https:\/\/numeraanalytics.com\/fr\/wp-json\/wp\/v2\/comments?post=7559"}],"version-history":[{"count":4,"href":"https:\/\/numeraanalytics.com\/fr\/wp-json\/wp\/v2\/pages\/7559\/revisions"}],"predecessor-version":[{"id":7702,"href":"https:\/\/numeraanalytics.com\/fr\/wp-json\/wp\/v2\/pages\/7559\/revisions\/7702"}],"wp:attachment":[{"href":"https:\/\/numeraanalytics.com\/fr\/wp-json\/wp\/v2\/media?parent=7559"}],"curies":[{"name":"wp","href":"https:\/\/api.w.org\/{rel}","templated":true}]}}

[vc_row type= »full_width_background » full_screen_row_position= »middle » bg_color= »#f2f2f2&Prime; scene_position= »center » text_color= »dark » text_align= »left » overlay_strength= »0.3&Prime;][vc_column column_padding= »no-extra-padding » column_padding_position= »all » background_color_opacity= »1&Prime; background_hover_color_opacity= »1&Prime; column_shadow= »none » width= »1/2&Prime; tablet_text_alignment= »default » phone_text_alignment= »default » column_border_width= »none » column_border_style= »solid »]<div class="divider-wrap"><div style="height: 100px;" class="divider"></div></div>[vc_column_text]
<h3>Martine Hamel</h3>
<h4 class="title">VICE-PRÉSIDENTE</h4>
<div class="title"></div>
<div class="team-desc">Martine est vice-présidente et chef de l&rsquo;exploitation chez Numera. Elle participe à plusieurs aspects des activités de l’organisation, du développement de produits à l’intégrité des données, en passant par l’analyse de marché, les ressources humaines et les finances. Martine est détentrice d’une maîtrise en économie et gestion internationale de HEC Montréal.</div>
<div class="team-desc"></div>
<div class="team-desc"></div>
[/vc_column_text][nectar_btn size= »medium » button_style= »regular » button_color_2= »Accent-Color » icon_family= »default_arrow » url= »/fr/a-propos#equipe » text= »Notre Équipe »][/vc_column][vc_column column_padding= »no-extra-padding » column_padding_position= »all » background_color_opacity= »1&Prime; background_hover_color_opacity= »1&Prime; column_shadow= »none » width= »1/2&Prime; tablet_text_alignment= »default » phone_text_alignment= »default » column_border_width= »none » column_border_style= »solid »]<div class="img-with-aniamtion-wrap right" data-max-width="100%"><div class="inner"><img loading="lazy" decoding="async" data-shadow="none" data-shadow-direction="middle" class="img-with-animation " data-delay="0" height="600" width="600" data-animation="fade-in" src="https://numeraanalytics.com/wp-content/uploads/2017/02/pppc_0120.jpg" srcset="https://numeraanalytics.com/wp-content/uploads/2017/02/pppc_0120.jpg 600w, https://numeraanalytics.com/wp-content/uploads/2017/02/pppc_0120-150x150.jpg 150w, https://numeraanalytics.com/wp-content/uploads/2017/02/pppc_0120-300x300.jpg 300w, https://numeraanalytics.com/wp-content/uploads/2017/02/pppc_0120-100x100.jpg 100w, https://numeraanalytics.com/wp-content/uploads/2017/02/pppc_0120-500x500.jpg 500w, https://numeraanalytics.com/wp-content/uploads/2017/02/pppc_0120-350x350.jpg 350w" sizes="100vw" alt="" /></div></div>[/vc_column][/vc_row][vc_row type= »full_width_background » full_screen_row_position= »middle » scene_position= »center » text_color= »dark » text_align= »left » top_padding= »55&Prime; bottom_padding= »50&Prime; overlay_strength= »0.3&Prime;][vc_column column_padding= »no-extra-padding » column_padding_position= »all » background_color_opacity= »1&Prime; background_hover_color_opacity= »1&Prime; column_shadow= »none » width= »1/4&Prime; tablet_text_alignment= »default » phone_text_alignment= »default » column_border_width= »none » column_border_style= »solid »][vc_column_text]
<h3><i class="icon-default-style fa fa-bar-chart extra-color-1"></i> <a href="/fr/analyse-de-marche/">Analyse de marché</a></h3>
[/vc_column_text][/vc_column][vc_column column_padding= »no-extra-padding » column_padding_position= »all » background_color_opacity= »1&Prime; background_hover_color_opacity= »1&Prime; column_shadow= »none » width= »1/4&Prime; tablet_text_alignment= »default » phone_text_alignment= »default » column_border_width= »none » column_border_style= »solid »][vc_column_text]
<h3><i class="icon-default-style fa fa-line-chart extra-color-1"></i> <a href="/fr/macroeconomie/">Macroéconomie</a></h3>
[/vc_column_text][/vc_column][vc_column column_padding= »no-extra-padding » column_padding_position= »all » background_color_opacity= »1&Prime; background_hover_color_opacity= »1&Prime; column_shadow= »none » width= »1/4&Prime; tablet_text_alignment= »default » phone_text_alignment= »default » column_border_width= »none » column_border_style= »solid »][vc_column_text]
<h3><i class="icon-default-style fa fa-search-plus extra-color-1"></i> <a href="/fr/recherche-personnalisee/">Recherche personalisée</a></h3>
[/vc_column_text][/vc_column][vc_column column_padding= »no-extra-padding » column_padding_position= »all » background_color_opacity= »1&Prime; background_hover_color_opacity= »1&Prime; column_shadow= »none » width= »1/4&Prime; tablet_text_alignment= »default » phone_text_alignment= »default » column_border_width= »none » column_border_style= »solid »][vc_column_text]
<h3><i class="icon-default-style fa fa-lightbulb-o extra-color-1"></i> <a href="/fr/equipe-quantitative/">Équipe Quantitative</a></h3>
[/vc_column_text][/vc_column][/vc_row]

<p>[vc_row type= »full_width_background » full_screen_row_position= »middle » bg_color= »#f2f2f2&Prime; scene_position= »center » text_color= »dark » text_align= »left » overlay_strength= »0.3&Prime;][vc_column column_padding= »no-extra-padding » column_padding_position= »all » background_color_opacity= »1&Prime; background_hover_color_opacity= »1&Prime; column_shadow= »none » width= »1/2&Prime; tablet_text_alignment= »default » phone_text_alignment= »default » column_border_width= »none » column_border_style= »solid »][vc_column_text] Martine Hamel VICE-PRÉSIDENTE Martine est vice-présidente et chef de l&rsquo;exploitation chez Numera. Elle participe à plusieurs aspects des activités de l’organisation, du développement de produits à l’intégrité des données, en passant par l’analyse de marché, les ressources humaines et les finances. Martine est détentrice d’une maîtrise en économie et gestion internationale de HEC Montréal. [/vc_column_text][nectar_btn size= »medium » button_style= »regular » button_color_2= »Accent-Color » icon_family= »default_arrow » url= »/fr/a-propos#equipe » text= »Notre Équipe »][/vc_column][vc_column&#8230;</p>
